{"id":2,"date":"2012-05-24T20:14:46","date_gmt":"2012-05-24T20:14:46","guid":{"rendered":"http:\/\/printsoft.com.ar\/sitio\/?page_id=2"},"modified":"2016-05-27T11:28:31","modified_gmt":"2016-05-27T14:28:31","slug":"pagina-ejemplo","status":"publish","type":"page","link":"https:\/\/printsoft.com.ar\/sitio\/","title":{"rendered":"Inicio"},"content":{"rendered":"<p>Venta y alquiler de copiadoras, nuevas y semi nuevas, repotenciados en diferentes marcas:\u00a0 <a href=\"http:\/\/printsoft.com.ar\/sitio\/?s=minolta&amp;searchsubmit=Search\">MINOLTA <\/a>\u2013\u00a0 <a href=\"http:\/\/printsoft.com.ar\/sitio\/?s=canon&amp;searchsubmit=Search\">CANON <\/a>\u2013 <a href=\"http:\/\/printsoft.com.ar\/sitio\/?s=ricoh&amp;searchsubmit=Search\">RICOH <\/a>\u2013 <a href=\"http:\/\/printsoft.com.ar\/sitio\/?s=xerox&amp;searchsubmit=Search\">XEROX <\/a>\u2013\u00a0 <a href=\"http:\/\/printsoft.com.ar\/sitio\/?s=kyocera&amp;searchsubmit=Search\">KYOCERA<\/a>&#8211;\u00a0 <a href=\"http:\/\/printsoft.com.ar\/sitio\/?s=hp&amp;searchsubmit=Search\">HP <\/a>\u2013 <a href=\"http:\/\/printsoft.com.ar\/sitio\/?s=epson&amp;searchsubmit=Search\">EPSON <\/a>\u2013 <a href=\"http:\/\/printsoft.com.ar\/sitio\/?s=brother&amp;searchsubmit=Search\">BROTHER MULTIFUNCIONAL<\/a>.<\/p>\n<ul>\n<li>Servicio t\u00e9cnico permanente.<\/li>\n<li>Stock de repuestos<\/li>\n<li>Insumos<\/li>\n<li>Garant\u00eda<\/li>\n<\/ul>\n<p>Instalaci\u00f3n: t\u00e9cnicos experimentados y capacitados ejecutan la instalaci\u00f3n, dejando su equipo en \u00f3ptimas condiciones de operatividad.<\/p>\n<p>Atenci\u00f3n de nuestros servicios de venta, alquiler, servicio t\u00e9cnico y mantenimiento de fotocopiadoras en todo Buenos Aires. <a href=\"http:\/\/printsoft.com.ar\/sitio\/?page_id=31\">Cont\u00e1ctenos <\/a>para mas informaci\u00f3n.<br \/>\n<script type=\"text\/javascript\">\r\njQuery( document ).ready(function() {\r\n\tjQuery( '#example3_63' ).sliderPro({\r\n\t\t\/\/width\r\n\t\t\t\twidth: 200,\r\n\t\t\t\t\r\n\t\t\/\/height\r\n\t\t\t\theight: 200,\r\n\t\t\t\t\r\n\t\t\/\/autoplay\r\n\t\t\t\tautoplay:  true,\r\n\t\tautoplayOnHover: 'none',\r\n\t\t\t\t\t\t\t\tautoplayDelay: 3000,\r\n\t\t\r\n\t\t\r\n\t\tarrows: true,\r\n\t\tbuttons: false,\r\n\t\tsmallSize: 500,\r\n\t\tmediumSize: 1000,\r\n\t\tlargeSize: 3000,\r\n\t\tfade: false,\r\n\t\t\r\n\t\t\/\/thumbnail\r\n\t\tthumbnailArrows: true,\r\n\t\tthumbnailWidth: 100,\r\n\t\tthumbnailHeight: 120,\r\n\t\t\t\t\t\tthumbnailsPosition: 'bottom',\r\n\t\t\t\t\t\tcenterImage: true,\r\n\t\timageScaleMode: 'cover',\r\n\t\tallowScaleUp: true,\r\n\t\t\t\tstartSlide: 0,\r\n\t\tloop: true,\r\n\t\tslideDistance: 5,\r\n\t\tautoplayDirection: 'normal',\r\n\t\ttouchSwipe: true,\r\n\t\tfullScreen: false,\r\n\t});\r\n});\r\n<\/script>\r\n<style>\r\n\/* Layout 3 *\/\r\n\/* border *\/\r\n#example3_63 .sp-selected-thumbnail {\r\n\tborder: 4px solid #000000;\r\n}\r\n\r\n\/* font + color *\/\r\n.title-in  {\r\n\tfont-family: Arial !important;\r\n\tcolor: #000000 !important;\r\n\tbackground-color: #FFFFFF !important;\r\n\topacity: 0.7 !important;\r\n}\r\n.desc-in  {\r\n\tfont-family: Arial !important;\r\n\tcolor: #FFFFFF !important;\r\n\tbackground-color: #000000 !important;\r\n\topacity: 0.7 !important;\r\n}\r\n\r\n\/* bullets color *\/\r\n.sp-button  {\r\n\tborder: 2px solid #000000 !important;\r\n}\r\n.sp-selected-button  {\r\n\tbackground-color: #000000 !important;\r\n}\r\n\r\n\/* pointer color - bottom *\/\r\n.sp-selected-thumbnail::before {\r\n\tborder-bottom: 5px solid #000000 !important;\r\n}\r\n.sp-selected-thumbnail::after {\r\n\tborder-bottom: 13px solid #000000 !important;\r\n}\r\n\r\n\/* pointer color - top *\/\r\n\r\n\/* full screen icon *\/\r\n.sp-full-screen-button::before {\r\n    color: #FFFFFF !important;\r\n}\r\n\r\n\/* hover navigation icon color *\/\r\n.sp-next-arrow::after, .sp-next-arrow::before {\r\n\tbackground-color: #FFFFFF !important;\r\n}\r\n.sp-previous-arrow::after, .sp-previous-arrow::before {\r\n\tbackground-color: #FFFFFF !important;\r\n}\r\n\r\n#example3_63 .title-in {\r\n\tcolor: #000000 !important;\r\n\tfont-weight: bolder;\r\n\ttext-align: center;\r\n}\r\n\r\n#example3_63 .title-in-bg {\r\n\tbackground: rgba(255, 255, 255, 0.7); !important;\r\n\twhite-space: unset !important;\r\n\tmax-width: 90%;\r\n\tmin-width: 40%;\r\n\ttransform: initial !important;\r\n\t-webkit-transform: initial !important;\r\n\tfont-size: 14px !important;\r\n}\r\n\r\n#example3_63 .desc-in {\r\n\tcolor: #FFFFFF !important;\r\n\ttext-align: center;\r\n}\r\n#example3_63 .desc-in-bg {\r\n\tbackground: rgba(#000000, 0.7) !important;\r\n\twhite-space: unset !important;\r\n\twidth: 80% !important;\r\n\tmin-width: 30%;\r\n\ttransform: initial !important;\r\n\t-webkit-transform: initial !important;\r\n\tfont-size: 13px !important;\r\n}\r\n\r\n.uris-title{\r\n\tfont-family: Arial;\r\n}\r\n\r\n@media (max-width: 640px) {\r\n\t#example3_63 .hide-small-screen {\r\n\t\tdisplay: none;\r\n\t}\r\n}\r\n\r\n@media (max-width: 860px) {\r\n\t#example3_63 .sp-layer {\r\n\t\tfont-size: 18px;\r\n\t}\r\n\t\r\n\t#example3_63 .hide-medium-screen {\r\n\t\tdisplay: none;\r\n\t}\r\n}\r\n.fnf{\r\n\tbackground-color: #a92929;\r\n\tborder-radius: 5px;\r\n\tcolor: #fff;\r\n\tfont-family: initial;\r\n\ttext-align: center;\r\n\tpadding:12px;\r\n}\r\n\/* Custom CSS *\/\r\n<\/style>\r\n\t\t<div id=\"example3_63\" class=\"slider-pro\">\r\n\t\t\t<!---- slides div start ---->\r\n\t\t\t<div class=\"sp-slides\">\r\n\t\t\t\t\t\t\t\r\n\t\t\t\t\t\t<div class=\"sp-slide\">\r\n\t\t\t\t\t\t\t<img class=\"sp-image\" alt=\"fotocopiadora03\" src=\"https:\/\/printsoft.com.ar\/sitio\/wp-content\/plugins\/ultimate-responsive-image-slider\/css\/images\/blank.gif\" data-src=\"http:\/\/printsoft.com.ar\/sitio\/wp-content\/uploads\/fotocopiadora03.jpg\" \/>\r\n\r\n\t\t\t\t\t\t\t\r\n\t\t\t\t\t\t\t\r\n\t\t\t\t\t\t\t\t\t\t\t\t\t<\/div>\r\n\t\t\t\t\t\t\t\t\t\r\n\t\t\t\t\t\t<div class=\"sp-slide\">\r\n\t\t\t\t\t\t\t<img class=\"sp-image\" alt=\"fotocopiadora02\" src=\"https:\/\/printsoft.com.ar\/sitio\/wp-content\/plugins\/ultimate-responsive-image-slider\/css\/images\/blank.gif\" data-src=\"http:\/\/printsoft.com.ar\/sitio\/wp-content\/uploads\/fotocopiadora02.jpg\" \/>\r\n\r\n\t\t\t\t\t\t\t\r\n\t\t\t\t\t\t\t\r\n\t\t\t\t\t\t\t\t\t\t\t\t\t<\/div>\r\n\t\t\t\t\t\t\t\t\t\r\n\t\t\t\t\t\t<div class=\"sp-slide\">\r\n\t\t\t\t\t\t\t<img class=\"sp-image\" alt=\"fotocopiadora04\" src=\"https:\/\/printsoft.com.ar\/sitio\/wp-content\/plugins\/ultimate-responsive-image-slider\/css\/images\/blank.gif\" data-src=\"http:\/\/printsoft.com.ar\/sitio\/wp-content\/uploads\/fotocopiadora04.png\" \/>\r\n\r\n\t\t\t\t\t\t\t\r\n\t\t\t\t\t\t\t\r\n\t\t\t\t\t\t\t\t\t\t\t\t\t<\/div>\r\n\t\t\t\t\t\t\t\t\t\r\n\t\t\t\t\t\t<div class=\"sp-slide\">\r\n\t\t\t\t\t\t\t<img class=\"sp-image\" alt=\"fotocopiadora01\" src=\"https:\/\/printsoft.com.ar\/sitio\/wp-content\/plugins\/ultimate-responsive-image-slider\/css\/images\/blank.gif\" data-src=\"http:\/\/printsoft.com.ar\/sitio\/wp-content\/uploads\/fotocopiadora01.jpg\" \/>\r\n\r\n\t\t\t\t\t\t\t\r\n\t\t\t\t\t\t\t\r\n\t\t\t\t\t\t\t\t\t\t\t\t\t<\/div>\r\n\t\t\t\t\t\t\t\t\t\r\n\t\t\t\t\t\t<div class=\"sp-slide\">\r\n\t\t\t\t\t\t\t<img class=\"sp-image\" alt=\"fotocopiadora05\" src=\"https:\/\/printsoft.com.ar\/sitio\/wp-content\/plugins\/ultimate-responsive-image-slider\/css\/images\/blank.gif\" data-src=\"http:\/\/printsoft.com.ar\/sitio\/wp-content\/uploads\/fotocopiadora05.jpg\" \/>\r\n\r\n\t\t\t\t\t\t\t\r\n\t\t\t\t\t\t\t\r\n\t\t\t\t\t\t\t\t\t\t\t\t\t<\/div>\r\n\t\t\t\t\t\t\t\t\t\r\n\t\t\t\t\t\t<div class=\"sp-slide\">\r\n\t\t\t\t\t\t\t<img class=\"sp-image\" alt=\"fotocopiadora06\" src=\"https:\/\/printsoft.com.ar\/sitio\/wp-content\/plugins\/ultimate-responsive-image-slider\/css\/images\/blank.gif\" data-src=\"http:\/\/printsoft.com.ar\/sitio\/wp-content\/uploads\/fotocopiadora06.jpg\" \/>\r\n\r\n\t\t\t\t\t\t\t\r\n\t\t\t\t\t\t\t\r\n\t\t\t\t\t\t\t\t\t\t\t\t\t<\/div>\r\n\t\t\t\t\t\t\t\t\t\r\n\t\t\t\t\t\t<div class=\"sp-slide\">\r\n\t\t\t\t\t\t\t<img class=\"sp-image\" alt=\"fotocopiadora07\" src=\"https:\/\/printsoft.com.ar\/sitio\/wp-content\/plugins\/ultimate-responsive-image-slider\/css\/images\/blank.gif\" data-src=\"http:\/\/printsoft.com.ar\/sitio\/wp-content\/uploads\/fotocopiadora07.jpg\" \/>\r\n\r\n\t\t\t\t\t\t\t\r\n\t\t\t\t\t\t\t\r\n\t\t\t\t\t\t\t\t\t\t\t\t\t<\/div>\r\n\t\t\t\t\t\t\t\t\r\n\t\t\t<\/div>\r\n\t\t\t\r\n\t\t\t<!---- slides div end ---->\r\n\t\t\t\t\t\t<!-- slides thumbnails div end -->\t\r\n\t\t<\/div>\r\n<\/p>\n","protected":false},"excerpt":{"rendered":"","protected":false},"author":1,"featured_media":0,"parent":0,"menu_order":1,"comment_status":"open","ping_status":"open","template":"","meta":[],"_links":{"self":[{"href":"https:\/\/printsoft.com.ar\/sitio\/index.php?rest_route=\/wp\/v2\/pages\/2"}],"collection":[{"href":"https:\/\/printsoft.com.ar\/sitio\/index.php?rest_route=\/wp\/v2\/pages"}],"about":[{"href":"https:\/\/printsoft.com.ar\/sitio\/index.php?rest_route=\/wp\/v2\/types\/page"}],"author":[{"embeddable":true,"href":"https:\/\/printsoft.com.ar\/sitio\/index.php?rest_route=\/wp\/v2\/users\/1"}],"replies":[{"embeddable":true,"href":"https:\/\/printsoft.com.ar\/sitio\/index.php?rest_route=%2Fwp%2Fv2%2Fcomments&post=2"}],"version-history":[{"count":9,"href":"https:\/\/printsoft.com.ar\/sitio\/index.php?rest_route=\/wp\/v2\/pages\/2\/revisions"}],"predecessor-version":[{"id":73,"href":"https:\/\/printsoft.com.ar\/sitio\/index.php?rest_route=\/wp\/v2\/pages\/2\/revisions\/73"}],"wp:attachment":[{"href":"https:\/\/printsoft.com.ar\/sitio\/index.php?rest_route=%2Fwp%2Fv2%2Fmedia&parent=2"}],"curies":[{"name":"wp","href":"https:\/\/api.w.org\/{rel}","templated":true}]}}